Suppose -2 = 4*g + f. What are the prime factors of (-3)/(-2) - (-5)/g*-93?
2, 3
Let k = 4226 + -2721. Suppose 3*m = 5*c - k, 4*c - m - 1332 = -128. What are the prime factors of c?
7, 43
Let i(r) = 1620*r**2 + 42*r - 146. List the prime factors of i(4).
2, 7, 17, 109
List the prime factors of (6 - 32/(-10))/(-1 + 22134/22130).
23, 2213
Let m be 7612/5 + (-90)/225. Let d = m - 1015. What are the prime factors of d?
3, 13
Suppose 0 = -3*y - 2 + 14. Suppose y*q - 27 = 9. Suppose -q*w + 1098 - 36 = 0. List the prime factors of w.
2, 59
Let t(d) = 2*d**3 - 16*d**2 - 32*d - 9. Let h be t(16). Suppose -3*n = -7*n - 5*v + 2881, 0 = -5*n - v + h. List the prime factors of n.
2, 3, 7, 17
Let o(k) = -259*k**3 - k**2 + 3*k + 12. Let b be o(-4). Suppose -10*x = 20*x - b. List the prime factors of x.
2, 3, 23
Suppose g + 7*q - 43365 = 0, 0 = -g + 10*q - 13*q + 43369. What are the prime factors of g?
2, 7, 1549
Suppose 6*a = 925 - 295. Suppose 0*b + b = 2*t - 327, -b = -3. Let m = t - a. What are the prime factors of m?
2, 3, 5
Suppose 0 = 2*g - 7*g - 930. Let t = 256 + g. List the prime factors of t.
2, 5, 7
Let i be 2378 - ((-2 - 3) + 4)*-2. Suppose -3957 = -20*l + 15*l + 4*g, 0 = 3*l - 3*g - i. What are the prime factors of l?
3, 263
Let c(z) be the first derivative of z**2 - 8/3*z**3 - 6 + 18*z - 1/4*z**4. What are the prime factors of c(-8)?
2
Suppose -7*n + 846 + 673 = 0. Suppose n = v + y, 3*y + 434 = -10*v + 12*v. List the prime factors of v.
7, 31
Suppose -2*l = -3*l - 35. What are the prime factors of l/(-245) + (-671)/(-7)?
2, 3
Suppose 132 = -0*r + 11*r. Let y be (28/5)/(4/20). What are the prime factors of (y - 0)*r/12?
2, 7
Let n be (-2)/(-4)*1622/(-3 - -4). Let a = n + -195. Suppose -4*h + a = 5*q - 28, -3*q - 3*h = -384. List the prime factors of q.
2, 3, 11
Let a(n) = 6*n - 4. Let m be a(4). Suppose -19*f = -m*f + 453. Let h = 751 - f. List the prime factors of h.
2, 149
Suppose 5*a + 213 = 3*h, -a - 46 = -4*h - 0. Suppose 5*l - 61 + 11 = 0. Let k = l - a. What are the prime factors of k?
2, 13
Let s be (1 + -80)/(5/(-175)). List the prime factors of (-16)/(-20)*s/14.
2, 79
Suppose 3*u = -6 - 0. Let m be (u + 62)*(-8)/(-12). Let k = m - 2. What are the prime factors of k?
2, 19
Let t(g) = -2 - 16*g - g**2 - 20*g - 19*g - g**3 + 56*g - 3*g**3. List the prime factors of t(-7).
2, 3, 73
Suppose 92 = 13*o - 77. Suppose -4*l - 53 = -3*h, 5*h + o*l = 8*l + 30. List the prime factors of 2235/h - (-28)/(-154).
7, 29
Suppose -6*x + 601 = -3347. Suppose 5*f = 2413 - x. List the prime factors of f.
3, 13
Suppose 6*p = 3*j + 3*p + 57, -j - 21 = p. Let l(i) = i**2 + 17*i - 52. Let n be l(j). Suppose -n*m = -14*m + 834. What are the prime factors of m?
139
Suppose -5*u + 16*t = 17*t - 94, -4*u + 92 = 5*t. Suppose 19*x - 38739 = -u*x. List the prime factors of x.
3, 349
What are the prime factors of (-7)/2*(-11429172)/1533?
2, 3, 4349
Let v(x) = x**3 - 6*x**2 - x + 5. Let f be v(6). Let z(o) = 15 + 15 + 17 - 62 + 13 - 231*o. What are the prime factors of z(f)?
229
List the prime factors of (2250619/98 - -8)/(3/(-2) + 2).
11, 4177
Suppose -3*l = 4*l + 490. Let j be l/(-28)*4/5. Suppose 0 = j*c - 26 - 8. List the prime factors of c.
17
What are the prime factors of 2/(-19) + (-4 - (-247705)/19)*1?
13033
Suppose 3366055 = 163*k - 513997. What are the prime factors of k?
2, 11, 541
Let x = 796 + -339. Let m = 524 - x. What are the prime factors of m?
67
Suppose -192 = 85*z - 81*z. Let c = -40 - z. Suppose w - 1440 = -c*w. List the prime factors of w.
2, 5
Let g(o) = 4*o**2 - o + 2. Let t = 14 + -11. Let k be g(t). Let y = k + -29. List the prime factors of y.
2, 3
Let a(z) be the second derivative of 8*z**3/3 + 70*z. What are the prime factors of a(3)?
2, 3
Suppose 4*r = 4*p - 0*r + 20, 2*r = 10. Suppose -3*n + 7*n = 36. Suppose 11*x - n*x - 38 = p. What are the prime factors of x?
19
Let g = -220 + 151. Let b = g - -39. List the prime factors of 2*-1*(-3)/(b/(-115)).
23
Let z = 8318 + -2685. What are the prime factors of z?
43, 131
Let d(w) = -w**3 + 16*w**2 - 19*w + 56. Let q be d(14). Let c = q + 19. What are the prime factors of c?
3, 67
Suppose -4*d = -3*o - 110, -4*o + 2 = -5*o. Suppose d*v - 11130 = 9748. What are the prime factors of v?
11, 73
Suppose l = -2*u + 12282, 2*l + 6114 = u - 2*l. What are the prime factors of u?
2, 3, 11, 31
Let d be 0 + -1 + -1 - -1. Let m = -17 - d. Let b = 31 + m. What are the prime factors of b?
3, 5
Let q(j) = -3*j**2 - 26*j + 37. Let b be q(-10). What are the prime factors of 30246/45 - 2*b/(-45)?
2, 3, 7
Let w = -66 - -75. Suppose 0 = -c + w*c - 184. Suppose 114 = u + o, -u - c = -2*o - 152. List the prime factors of u.
7, 17
Let h = -597 - -896. Suppose h = 2*o - 35. Suppose 0 = -3*v + s + o, -2*s + 17 - 76 = -v. What are the prime factors of v?
5, 11
Suppose -10*b + 24 = -6. Suppose 4*a + 9*x = 13*x + 4752, -b*x = 15. List the prime factors of a.
7, 13
Suppose -106577 = -5*x + 40*q - 39*q, -x + 5*q + 21325 = 0. What are the prime factors of x?
3, 5, 7, 29
Let z = 1892 - -4627. List the prime factors of z.
3, 41, 53
Suppose -2*y + 29 = -5*u, 6*u - u + 15 = -5*y. Suppose 0 = 2*t - 6, y*t - 345 + 921 = 2*z. What are the prime factors of z?
3, 97
Suppose -3*g + 2*u + 471 = 5*u, -175 = -g + 5*u. Suppose 4*a = -4*q + 208, -4*a + 3*q - 4*q + 199 = 0. Let v = g - a. List the prime factors of v.
3, 37
Suppose 2*u - 581 = -3*o, -3*o + 506 = 3*u - 373. Let j = u - -453. List the prime factors of j.
751
Let v = 75 - 66. Let h(j) = j**2 - 9*j + 5. Let p be h(v). Suppose -4*r - 5*f + 91 = 0, -5*r + 6*f - p*f + 121 = 0. List the prime factors of r.
2, 3
Suppose 9866*k - 116656 = 9843*k. List the prime factors of k.
2, 317
What are the prime factors of 32/16*((-10038)/(-4) - -1 - -4)?
47, 107
Suppose 10351*y - 417720 = 10339*y. List the prime factors of y.
2, 5, 59
Suppose 22*u - 40326 - 22726 = -0*u. What are the prime factors of u?
2, 1433
Let p be 12852/27 + (1 - 5)/2. Suppose 0 = -3*c + c - 4*l + p, -4*c + 987 = -5*l. What are the prime factors of c?
3
Let i = -7 - -16. Let b(v) = 0*v**3 + 7 + 4 + v**3 + 7*v - i*v**2. What are the prime factors of b(9)?
2, 37
Suppose -4*s - 10 = -9*s. Let k(f) be the second derivative of 29*f**3/6 + 5*f**2/2 - 631*f. List the prime factors of k(s).
3, 7
Let n(o) = -o**2 + 18*o - 50. Let h be n(4). Let l(g) = 14*g**2 + 2*g - 9. List the prime factors of l(h).
3, 13
Let v(f) = -37*f - 17. Let d be v(4). Let p = -269 - d. Let w = 24 - p. What are the prime factors of w?
2
Suppose -22*u = 5*u. Suppose -2 = 2*g + 8, 4*s - 4*g - 4600 = u. List the prime factors of s.
5, 229
Suppose 8*u = 15976 + 83499 + 49173. List the prime factors of u.
17, 1093
Let o = -20 + 108. Let r = -79 + o. Suppose -548 = r*m - 13*m. List the prime factors of m.
137
Let b(d) = d**2 + 22*d - 48. Let p be b(-24). List the prime factors of 5*(-4 + 120/3) + p.
2, 3, 5
Let r = 7 - -23. Suppose 5*m - r + 620 = 0. Let h = 142 + m. List the prime factors of h.
2, 3
Suppose -150202 - 103406 = -12*i. What are the prime factors of i?
2, 10567
Let c be 2 - (-5 - -5)/6. Suppose 3*y = c*o - 918, 8*y = 9*y. What are the prime factors of o?
3, 17
Let j = 5203 + -1881. What are the prime factors of j?
2, 11, 151
Let s(m) = -m**2 - 9*m - 6. Let d be s(-8). Suppose 3*i = -d*i - 2805. List the prime factors of 5/(-10) - i/6.
3, 31
Suppose 1 = -3*q + 16. Suppose 0 = g - q*g + 296. Let j = 61 + g. What are the prime factors of j?
3, 5
Let u be -2 + 2/1 - 0. Suppose -699 = -2*d - 159. Suppose u*c + 3*c = d. List the prime factors of c.
2, 3, 5
Suppose -d = 14*d - 90. Let r be (75/12 - d) + 29/(-4). Let z(p) = -20*p + 10. What are the prime factors of z(r)?
2, 3, 5
What are the prime factors of 71073/745 + 2/(-5)?
5, 19
Let u = 246 - 243. Suppose u*j - 2320 + 763 = 0. List the prime factors of j.
3, 173
Suppose 0*j - j = 2, -3*u + 3*j + 285 = 0. Let s = -99 + u. Let p(g) = 8*g**2 + 14*g + 8. List the prime factors of p(s).
2, 53
Suppose 341*s - 1145405 - 1752413 = 0. What are the prime factors of s?
2, 7, 607
Let d(z) be the second derivative of -z**6/90 + 31*z**5/120 + 5*z**4/12 - 17*z. Let u(c) be the third derivative of d(c). List the prime factors of u(-7).
3, 29
Suppose -2*w + 46 - 48 = 0. Let v be (-1 + 3)/(w/((-15)/(-10))). List the pr